rd derivative of b**4/12 - b**3/6 + 2*b**2. Let o be z(4). Suppose o*g - 4*g - u = 16, 16 = -g - 5*u. What are the prime factors of g?
2
Let b(n) be the third derivative of n**5/20 - n**4/24 - n**3/3 + n**2. What are the prime factors of b(-2)?
2, 3
Let s(v) = v**2 - 1. Let d be s(0). Let u = d + 4. Suppose -2*f - u*m - 2*m = 3, -f + 4*m + 31 = 0. List the prime factors of f.
11
Let y(q) = -q**3 + 20*q**2 + 22*q + 4. List the prime factors of y(21).
5
Suppose -r + 562 = 3*y + 3*r, -y = -3*r - 209. List the prime factors of y.
2, 97
Suppose -5*t + 38 = 2*x, 4*t - x = -4*x + 29. List the prime factors of (9/(-12))/((-2)/t).
3
Let o(h) = -12*h - 6. List the prime factors of o(-7).
2, 3, 13
Suppose 5*o - 13 = 22. Let f be o + 5/(10/(-6)). Suppose -10 = -5*x + f*x. List the prime factors of x.
2, 5
Suppose -270 = -4*m - 5*m. What are the prime factors of m?
2, 3, 5
Let d = 1 + -7. Let h = d - -13. List the prime factors of h.
7
Let y = -7 + -54. Let h = -41 - y. What are the prime factors of h?
2, 5
Suppose 0 = 4*j - o + 6*o - 363, -96 = -j - 3*o. What are the prime factors of j?
3, 29
Let y(d) = -d**3 - 13*d**2 - 13*d + 10. Let l be y(-12). Let z = l - 7. What are the prime factors of z?
3, 5
Suppose 104 + 16 = 8*q. What are the prime factors of q?
3, 5
Let s(d) = d**3 - 5*d**2 - 5*d - 5. Let y be s(6). Let p be y/(-5) - 28/35. Let l(g) = -12*g**3 - g**2. What are the prime factors of l(p)?
11
Let h = 12 + -6. Let d = h + -12. What are the prime factors of (28/d)/((-8)/12)?
7
Suppose -7*l = -10*l. Suppose 5*c + y = 43, -31 = -5*c + 3*y - l*y. List the prime factors of c.
2
Let y = 306 - 140. List the prime factors of y.
2, 83
Let i be (((-10)/4)/5)/(11/(-110)). Let g(s) = s**2 + 4*s - 8. Let v be g(-6). List the prime factors of (i/v)/((-3)/(-24)).
2, 5
Let v(p) = -2*p**3 - 9*p**2 - 5*p + 3. What are the prime factors of v(-7)?
283
Suppose -7*k - 408 = -10*k. What are the prime factors of k?
2, 17
What are the prime factors of -77*2/(-21)*3?
2, 11
Let l be 10/((-1)/(2/(-4))). Suppose 0 = l*g - 40 - 10. What are the prime factors of g?
2, 5
Suppose -3*p + 15 + 6 = 0. Suppose p*z = 9*z - 46. List the prime factors of z.
23
Let v = 47 - 1. List the prime factors of v.
2, 23
Suppose -3*d + 6 = -d. Let k be ((-4)/4)/1*-3. Suppose -k*f - x + 25 = 0, -d*f - 2*x + 8 = -18. List the prime factors of f.
2
Let a(p) = -p. Let k be a(-3). Suppose -2*j = 2*w - 8, k = -5*w - 2. List the prime factors of j.
5
Let a be 0 - (-2 - (10 - 3)). Let u = 15 - a. What are the prime factors of u?
2, 3
Suppose 0 = -8*i + 5*i - 120. What are the prime factors of 30/8 + (-10)/i?
2
Let f(c) = 10*c - 17. What are the prime factors of f(13)?
113
Suppose 3*w - 5*z = 18, -3*z + 5*z + 9 = 3*w. Let u(m) = 4 + m**2 + w + m - 4. What are the prime factors of u(-2)?
3
Let n(l) = l**2 - l + 30. Let w be n(0). Let h = w - 9. What are the prime factors of h?
3, 7
Let k = -57 + 86. What are the prime factors of k?
29
Suppose 0 = x + 2*x - n - 112, 4*x + 5*n - 181 = 0. Let o = x - 16. What are the prime factors of o?
23
Suppose 20 = -4*h, -8*x - 2*h + 110 = -5*x. List the prime factors of x.
2, 5
Let t = -23 + 27. List the prime factors of 2/t + (-79)/(-2).
2, 5
Let b be ((-16)/(-12))/(4/(-6)). Let v(i) = i**2 - 4*i - 3. What are the prime factors of v(b)?
3
Suppose 4*i - 5*z = 10, 3*i - 2 = z - 0. Suppose i = 3*u + 2 - 41. List the prime factors of u.
13
Let v(y) = 12. Let i(c) = c - 24. Let f(z) = -3*i(z) - 7*v(z). List the prime factors of f(-5).
3
What are the prime factors of (-12)/(-2) - 0/2?
2, 3
Let t be -2 - (0 - (4 + 1)). Suppose -t*s + 0*s = 0. Suppose 30 = 3*x + 4*o, 0 = -x - s*x - 4*o + 10. List the prime factors of x.
2, 5
Let u be 5/2*(-8)/(-4). Suppose -4*n + 4*l + 12 = 2*l, 0 = 3*n + u*l + 17. Let q = 8 + n. List the prime factors of q.
3
Let t be 7/(-2) - (-1)/2. List the prime factors of 2 + t + 3 - -2.
2
Let s = 2 + 3. Let a be (-2)/8 + 202/8. Suppose 3*x - a = s. List the prime factors of x.
2, 5
Suppose 5*h - 6*h + 35 = 0. Suppose h = -3*f - 2*f. Let x = f - -9. What are the prime factors of x?
2
Suppose -4 = -2*k + 5*u - 3*u, 2*k + 3*u - 29 = 0. Suppose 8 = 3*m - k*m. List the prime factors of -2*(-2)/m - -11.
3
Let r be (-10)/15*42/4. Let n = 9 + r. What are the prime factors of n?
2
Suppose -2*c = -10, 0*p - 64 = -p + 2*c. What are the prime factors of p?
2, 37
Suppose -2*k + 14 = -2*f + 3*k, 4 = -4*f + 4*k. Let b be (2/f)/(8/180). Let d = 21 - b. What are the prime factors of d?
2, 3
Let t(l) = -11*l**3 - 8*l**2 - 6*l + 43. Let n(j) = -4*j**3 - 3*j**2 - 2*j + 14. Let r(i) = -8*n(i) + 3*t(i). List the prime factors of r(0).
17
Let l = 71 - 19. What are the prime factors of l?
2, 13
Suppose 44 + 100 = 4*q. List the prime factors of q.
2, 3
Suppose 0 = 5*a + c - 1469, a - 280 = 5*c - 7. What are the prime factors of a?
293
Let h(t) = -t**3 + 7*t**2 + 7*t + 11. Let i = 2 + 0. Suppose -7*a = -i*a - 40. What are the prime factors of h(a)?
3
Let t = -13 + 21. Suppose -b = -9 - t. What are the prime factors of b?
17
Suppose 33 = i - 4*y, i - 121 = -i - 3*y. Let q = -31 + i. Suppose 0 = -4*s + 6 + q. List the prime factors of s.
7
Let t = 117 + 117. What are the prime factors of t?
2, 3, 13
Let r be (-10)/4 - (-2)/(-4). Suppose g + 3*g = -5*o - 60, -5*o + 5*g - 15 = 0. Let b = r - o. What are the prime factors of b?
5
Suppose -22 - 16 = -2*h. List the prime factors of (-1 - 1) + h + 0.
17
Let b = 65 - 33. List the prime factors of b.
2
Let k(o) = -o - 5. Let f be k(-9). Let b = f - 7. List the prime factors of (30/9)/((-1)/b).
2, 5
Let w(v) = -v**2 + 14*v + 3. Let i be w(6). Let o = i + -18. List the prime factors of o.
3, 11
Let x(c) be the second derivative of -3*c**3/2 - 5*c**2 - c. List the prime factors of x(-4).
2, 13
Let m be (-2 - (-36)/15)*20. Suppose 16 = 3*y - m. Let k = 14 - y. List the prime factors of k.
2, 3
Let f = 155 - 64. What are the prime factors of f?
7, 13
Suppose 5*f = 19 + 91. What are the prime factors of f?
2, 11
Suppose -2*w = -g - 21, 2*w + 3*g - 2 - 7 = 0. Let c = -5 + w. What are the prime factors of 2/c - (-10)/4?
3
Suppose 7 - 287 = -4*k. List the prime factors of k.
2, 5, 7
Let c = 4 - -1. Suppose -c*i + 33 = 3*p, -3*p + 1 = i - p. List the prime factors of i.
3
Let m(x) = 646*x**3 + 153*x**2. Let d(q) = 17*q**3 + 4*q**2. Let u(b) = -153*d(b) + 4*m(b). What are the prime factors of u(-1)?
17
Let q(f) = f**2 - 7*f + 6. Let a be q(6). Let i = a - 12. Let z = 28 + i. What are the prime factors of z?
2
Suppose -5*g - 3*a = -3, 0*g + 21 = 3*g - 3*a. Let n be (-2)/(2/(-47))*1. Suppose -2*q = 5*i - n, -i = -g*i + 5*q + 13. List the prime factors of i.
3
Suppose 28*p - 29*p + 34 = 0. List the prime factors of p.
2, 17
Suppose 2*v - a = 51 - 12, 4*a - 104 = -5*v. Suppose 5*l = 4*l + v. List the prime factors of l.
2, 5
Suppose 4*q + 8 = 2*r, 0 = 5*r - 3*q - 27 + 7. Suppose -v - 3*m + 14 = v, -r*m - 4 = -3*v. What are the prime factors of ((-6)/v)/((-15)/140)?
2, 7
Let c = 8 - 6. Suppose 3*n + 61 = c*r, 5*r = -2*n + 115 + 47. What are the prime factors of r?
2
Let d(v) = -v**3 + 8*v**2 - 7*v - 4. Let p be d(7). Let u(o) = -4*o - 6. Let b be u(p). Let j = 21 - b. What are the prime factors of j?
11
Suppose -3*t + 146 = 2*n - 6*t, -238 = -3*n - 5*t. List the prime factors of n.
2, 19
Let x(q) = q**3 - 5*q**2 + 3*q + 10. What are the prime factors of x(5)?
5
Let z(d) be the third derivative of -d**6/120 - d**4/24 + 2*d**3/3 - 8*d**2. Let i be 2/2 + (1 - 2). What are the prime factors of z(i)?
2
Let w be 6/(-8) + (-9)/(-12). Suppose w = 3*o + o. What are the prime factors of 1 + o - 15/(-1)?
2
Let q = 39 - 27. Suppose -3*p + q = p. Let i(y) = y**3 - 2*y**2 - 1. List the prime factors of i(p).
2
Let r = 7 - 1. Suppose -9 = -5*j + r. Let c(n) = -n**3 + 2*n**2 + 5*n - 4. List the prime factors of c(j).
2
Suppose 2*q - 12 = -0*q. Suppose 0 = 3*d - 5*i + 1 - q, -i - 13 = -3*d. Suppose 0 = -3*c + d*c - 24. List the prime factors of c.
2, 3
Let b be 1 + (-1 - 3) + -2. Let r(n) = -3*n - 7. Let f be r(b). Suppose f = -4*a + 6*a. What are the prime factors of a?
2
Let f = -19 - -30. Suppose f = p - 0*p. What are the prime factors of p?
11
What are the prime factors of (0 - 2)*4/((-24)/141)?
47
Let s(y) be the second derivative of 3*y**5/20 - y**4/12 + y**3/6 